{"id":6,"date":"2019-03-25T10:47:46","date_gmt":"2019-03-25T10:47:46","guid":{"rendered":"http:\/\/ppe-2019.com\/?page_id=6"},"modified":"2022-08-07T14:00:31","modified_gmt":"2022-08-07T14:00:31","slug":"registration","status":"publish","type":"page","link":"https:\/\/propatrimonio.org\/balul-boierimii\/registration\/","title":{"rendered":"Plata bilete"},"content":{"rendered":"<p>&nbsp;<\/p>\n<ul>\n<li>Dup\u0103 efectuarea pl\u0103\u021bii, v\u0103 rug\u0103m s\u0103 trimite\u021bi numele participan\u021bilor la eveniment prin e-mail la adresa balulboierimiiromane@gmail.com.<\/li>\n<li>Plata biletelor se poate face \u0219i online, cu card de credit\/debit, acces\u00e2nd formularul de mai jos &#8220;Plata online prin card bancar&#8221;.<\/li>\n<li>Pentru a suplimenta lista de invitati, v\u0103 rug\u0103m s\u0103 v\u0103 adresa\u021bi Comitetului organizator.<\/li>\n<li>Sumele colectate din biletele neutilizate (oricare ar fi motivul) vor fi donate cauzei caritabile.<\/li>\n<li>Concomitent cu achizi\u021bionarea biletelor, pute\u021bi opta pentru dona\u021bii suplimentare cauzei sus\u021binute \u0219i de organizatorii Balului. Acest lucru se poate realiza prin validarea op\u0163iunii &#8220;dona\u021bie op\u021bional\u0103&#8221;. V\u0103 mul\u021bumim \u00een avans pentru generozitatea dumneavoastr\u0103!<\/li>\n<li><span lang=\"FR\">Informa\u021biile contului:<br clear=\"none\" \/>Titular: Fundatia Pro Patrimonio<br \/>\nStr. Pictor Verona nr. 13<br \/>\nCont RON: RO33 BTRL RONC RT0P 5783 7904, Banca Transilvania &#8211; filiala Romana<br \/>\nCont EUR: RO02 BTRL EURC RT0P 5783 7901, Banca Transilvania &#8211; filiala Romana<br \/>\nCod BIC: BTRLRO22<br \/>\n<\/span><\/li>\n<\/ul>\n<p><strong>\u00a0<\/strong><\/p>\n","protected":false},"excerpt":{"rendered":"<p>&nbsp; Dup\u0103 efectuarea pl\u0103\u021bii, v\u0103 rug\u0103m s\u0103 trimite\u021bi numele participan\u021bilor la eveniment prin e-mail la adresa balulboierimiiromane@gmail.com. Plata biletelor se poate face \u0219i online, cu card de credit\/debit, acces\u00e2nd formularul de mai jos &#8220;Plata online prin card bancar&#8221;. Pentru a suplimenta lista de invitati, v\u0103 rug\u0103m s\u0103 v\u0103 adresa\u021bi Comitetului organizator. Sumele colectate din biletele [&hellip;]<\/p>\n","protected":false},"author":1,"featured_media":0,"parent":0,"menu_order":1,"comment_status":"closed","ping_status":"closed","template":"page-plata-test.php","meta":[],"_links":{"self":[{"href":"https:\/\/propatrimonio.org\/balul-boierimii\/wp-json\/wp\/v2\/pages\/6"}],"collection":[{"href":"https:\/\/propatrimonio.org\/balul-boierimii\/wp-json\/wp\/v2\/pages"}],"about":[{"href":"https:\/\/propatrimonio.org\/balul-boierimii\/wp-json\/wp\/v2\/types\/page"}],"author":[{"embeddable":true,"href":"https:\/\/propatrimonio.org\/balul-boierimii\/wp-json\/wp\/v2\/users\/1"}],"replies":[{"embeddable":true,"href":"https:\/\/propatrimonio.org\/balul-boierimii\/wp-json\/wp\/v2\/comments?post=6"}],"version-history":[{"count":44,"href":"https:\/\/propatrimonio.org\/balul-boierimii\/wp-json\/wp\/v2\/pages\/6\/revisions"}],"predecessor-version":[{"id":927,"href":"https:\/\/propatrimonio.org\/balul-boierimii\/wp-json\/wp\/v2\/pages\/6\/revisions\/927"}],"wp:attachment":[{"href":"https:\/\/propatrimonio.org\/balul-boierimii\/wp-json\/wp\/v2\/media?parent=6"}],"curies":[{"name":"wp","href":"https:\/\/api.w.org\/{rel}","templated":true}]}}